{"id":1377,"date":"2016-06-09T12:50:16","date_gmt":"2016-06-09T12:50:16","guid":{"rendered":"https:\/\/www.sigridlindemann.com\/?page_id=1377"},"modified":"2016-06-20T08:26:47","modified_gmt":"2016-06-20T08:26:47","slug":"ausbildung-empfindungsmethode-leipzig-und-bremen","status":"publish","type":"page","link":"https:\/\/www.sigridlindemann.com\/en\/ausbildung-empfindungsmethode-leipzig-und-bremen\/","title":{"rendered":"Ausbildung Empfindungsmethode Leipzig und Bremen"},"content":{"rendered":"<p><strong><em>Intensiv-Ausbildungen mit Sigrid Lindemann<\/em><\/strong><\/p>\n<figure id=\"attachment_1378\" aria-describedby=\"caption-attachment-1378\" style=\"width: 300px\" class=\"wp-caption alignright\"><img loading=\"lazy\" decoding=\"async\" class=\"size-medium wp-image-1378\" src=\"https:\/\/www.sigridlindemann.com\/wp-content\/uploads\/2016\/06\/Seminargruppe-Leipzig-2016-300x198.jpg\" alt=\"?\" width=\"300\" height=\"198\" srcset=\"https:\/\/www.sigridlindemann.com\/wp-content\/uploads\/2016\/06\/Seminargruppe-Leipzig-2016-300x198.jpg 300w, https:\/\/www.sigridlindemann.com\/wp-content\/uploads\/2016\/06\/Seminargruppe-Leipzig-2016-768x508.jpg 768w, https:\/\/www.sigridlindemann.com\/wp-content\/uploads\/2016\/06\/Seminargruppe-Leipzig-2016-1024x677.jpg 1024w\" sizes=\"auto, (max-width: 300px) 100vw, 300px\" \/><figcaption id=\"caption-attachment-1378\" class=\"wp-caption-text\">?<\/figcaption><\/figure>\n<p>in Bremen mit Dorothee Teutsch und in Leipzig mit Petra Friedrich<\/p>\n<p>Nach einem erfolgreichen Ausbildungszyklus in Leipzig bieten wir erstmals in Bremen, und ein zweites Mal in Leipzig das erprobte Konzept zum Erlernen der \u201eEmpfindungsmethode\u201c nach Rajan Sankaran an.<\/p>\n<p>Wir starten mit den Ausbildungen am 16. \u2013 18. September 2016 in Bremen, und am \u00a09.-11. September in Leipzig.<\/p>\n<p>Die Ausbildung besteht aus 28 Seminartagen verteilt \u00fcber 18 Monate: \u00a03 Tages Module und monatliche Samstage.<\/p>\n<p>Das detaillierte Ausbildungskonzept, Unterricht mit ausf\u00fchrlichen schriftlichen Ausarbeitungen, Videof\u00e4llen, Powerpoints, interaktiven \u00dcbungen zur Anamnese, Lifeanamnesen und dem erg\u00e4nzenden Ambulatorium stellt sicher, dass die Teilnehmer mit Fortschreiten der Ausbildung bef\u00e4higt werden, konsequent die Herangehensweise in der Empfindungsmethode in ihrer Praxis umzusetzen.<br \/>\nDie ersten 2 Module im Herbst 2016 f\u00fchren kompakt und intensiv in die Arbeit mit der Empfindungsmethode ein, so dass die Teilnehmer ab Januar 2017 ihr Wissen im Ambulatorium anwenden und erproben k\u00f6nnen.<\/p>\n<p>Wir starten mit einem \u00dcberblick \u00fcber die grundlegenden Konzepte: Naturreiche, Ebenen der Erfahrung, Miasmen und fahren fort mit der Einf\u00fchrung in Tierreich, Pflanzenreich und Mineralreich.<br \/>\nUnsere Ausbildung besteht aus 3t\u00e4gigen Modulen &#8211; Freitag bis Sonntag &#8211; und einzelnen Samstagen, jeweils mit Videof\u00e4llen. Die Ausbildung kann nach dem 9. Unterrichtstag (nach Modul 3), um ein zus\u00e4tzliches Ambulatorium erg\u00e4nzt werden, das am Freitagnachmittag vor dem jeweiligen Unterrichtssonnabend stattfindet.<\/p>\n<p>In den folgenden Videoseminarmodulen 2017 und 2018 mit Sigrid Lindemann und den Samstagen mit Dorothee Teutsch (Bremen) bzw. Petra Friedrich (Leipzig), werden alle Naturreiche und Unterreiche intensiv betrachtet.<br \/>\nIhren Abschluss findet unsere Ausbildung im Sommer 2018 mit einem Kurzmodul mit 2 Tagen Unterricht und einem halben Tag des gemeinsamen Ausklangs.<br \/>\nUmfang: 7 Seminarbl\u00f6cke a 3 Tage jeweils Freitag \u2013 Sonntag sowie 10 Unterrichtstage zwischen den Bl\u00f6cken jeweils Samstag und ein 2,5 t\u00e4giges Abschlussmodul.<\/p>\n<p>Pro Monat findet ca. ein 3Tages Modul oder ein Unterrichtssonnabend statt &#8211; ausgenommen sind die Monate Dezember und Juli\/August. Zus\u00e4tzlich buchbar ist das Ambulatorium 10 mal Freitagnachmittag. Der Unterricht wird in Bremen stattfinden.<\/p>\n<p>IntensivAusbildung Bremen mit Sigrid Lindemann und Dorothee Teutsch (Wilkop)<\/p>\n<p>Infoabende<br \/>\nWann: 14.7.2016<\/p>\n<p>Wo: Bremen, Stader Str. 35, 28205 Bremen<\/p>\n<p>Einlass: um 17 Uhr 30 &#8211; Beginn 18 Uhr<\/p>\n<p>Hier haben Sie die Gelegenheit, sich ausf\u00fchrlich \u00fcber die Ausbildung zu informieren.<\/p>\n<p>Eine Anmeldung ist erforderlich, damit wir uns auf den Bedarf einstellen k\u00f6nnen.<\/p>\n<p>Kontakt:<\/p>\n<p>Dorothee Teutsch, Stader Str. 35, 28205 Bremen<\/p>\n<p>Tel: 0421 4348657\u00a0 <a href=\"http:\/\/www.heilen-und-beraten.de\">www.heilen-und-beraten.de, \u00a0 \u00a0 \u00a0\u00a0<\/a> <a href=\"&#x6d;&#97;&#x69;&#x6c;t&#x6f;&#58;i&#x6e;&#102;o&#x40;&#104;&#x65;&#x69;l&#x65;&#110;-&#x75;&#110;d&#x2d;&#98;&#x65;&#x72;&#97;&#x74;&#x65;n&#x2e;&#100;e\">&#x69;&#x6e;&#102;&#111;&#64;h&#x65;&#x69;&#x6c;&#101;n-&#x75;&#x6e;&#x64;&#45;&#98;e&#x72;&#x61;&#x74;&#101;&#110;&#46;&#x64;&#x65;<\/a><\/p>\n<p>Intensivausbildung in Leipzig mit Sigrid Lindemann und Petra Friedrich<\/p>\n<p>Infoabende<\/p>\n<p>23.Juni 2016\u00a0 17.30 GAW Pistorius str. 6 Leipzig<\/p>\n<p>Petra Friedrich Tel 0157-70152890\u00a0 <a href=\"http:\/\/www.naturheilpraxis-petrafriedrich.de\">www.naturheilpraxis-petrafriedrich.de<\/a>\u00a0\u00a0<a href=\"&#x6d;&#97;&#x69;&#x6c;&#116;&#x6f;&#x3a;&#105;&#x6e;&#x66;&#111;&#x40;&#x6e;a&#x74;&#x75;r&#x68;&#101;i&#x6c;&#112;r&#x61;&#120;i&#x73;&#45;p&#x65;&#116;r&#x61;&#102;r&#x69;&#101;d&#x72;&#105;c&#x68;&#46;d&#x65;\"> &#x69;&#110;f&#x6f;&#64;&#110;&#x61;&#x74;&#117;r&#x68;&#101;i&#x6c;&#x70;&#114;a&#x78;&#105;s&#x2d;&#x70;&#101;t&#x72;&#97;f&#x72;&#x69;&#101;d&#x72;&#105;c&#x68;&#x2e;&#100;&#x65;<\/a><\/p>\n","protected":false},"excerpt":{"rendered":"<p>Intensiv-Ausbildungen mit Sigrid Lindemann in Bremen mit Dorothee Teutsch und in Leipzig mit Petra Friedrich Nach einem erfolgreichen Ausbildungszyklus in Leipzig bieten wir erstmals in<\/p>\n","protected":false},"author":1,"featured_media":0,"parent":0,"menu_order":0,"comment_status":"closed","ping_status":"closed","template":"","meta":{"footnotes":""},"class_list":["post-1377","page","type-page","status-publish","hentry"],"translation":{"provider":"WPGlobus","version":"3.0.2","language":"en","enabled_languages":["de","en"],"languages":{"de":{"title":true,"content":true,"excerpt":false},"en":{"title":true,"content":true,"excerpt":false}}},"aioseo_notices":[],"_links":{"self":[{"href":"https:\/\/www.sigridlindemann.com\/en\/wp-json\/wp\/v2\/pages\/1377","targetHints":{"allow":["GET"]}}],"collection":[{"href":"https:\/\/www.sigridlindemann.com\/en\/wp-json\/wp\/v2\/pages"}],"about":[{"href":"https:\/\/www.sigridlindemann.com\/en\/wp-json\/wp\/v2\/types\/page"}],"author":[{"embeddable":true,"href":"https:\/\/www.sigridlindemann.com\/en\/wp-json\/wp\/v2\/users\/1"}],"replies":[{"embeddable":true,"href":"https:\/\/www.sigridlindemann.com\/en\/wp-json\/wp\/v2\/comments?post=1377"}],"version-history":[{"count":0,"href":"https:\/\/www.sigridlindemann.com\/en\/wp-json\/wp\/v2\/pages\/1377\/revisions"}],"wp:attachment":[{"href":"https:\/\/www.sigridlindemann.com\/en\/wp-json\/wp\/v2\/media?parent=1377"}],"curies":[{"name":"wp","href":"https:\/\/api.w.org\/{rel}","templated":true}]}}

<p><strong><em>Intensiv-Ausbildungen mit Sigrid Lindemann</em></strong></p>
<figure id="attachment_1378" aria-describedby="caption-attachment-1378" style="width: 300px" class="wp-caption alignright"><img loading="lazy" decoding="async" class="size-medium wp-image-1378" src="https://www.sigridlindemann.com/wp-content/uploads/2016/06/Seminargruppe-Leipzig-2016-300x198.jpg" alt="?" width="300" height="198" srcset="https://www.sigridlindemann.com/wp-content/uploads/2016/06/Seminargruppe-Leipzig-2016-300x198.jpg 300w, https://www.sigridlindemann.com/wp-content/uploads/2016/06/Seminargruppe-Leipzig-2016-768x508.jpg 768w, https://www.sigridlindemann.com/wp-content/uploads/2016/06/Seminargruppe-Leipzig-2016-1024x677.jpg 1024w" sizes="auto, (max-width: 300px) 100vw, 300px" /><figcaption id="caption-attachment-1378" class="wp-caption-text">?</figcaption></figure>
<p>in Bremen mit Dorothee Teutsch und in Leipzig mit Petra Friedrich</p>
<p>Nach einem erfolgreichen Ausbildungszyklus in Leipzig bieten wir erstmals in Bremen, und ein zweites Mal in Leipzig das erprobte Konzept zum Erlernen der „Empfindungsmethode“ nach Rajan Sankaran an.</p>
<p>Wir starten mit den Ausbildungen am 16. – 18. September 2016 in Bremen, und am  9.-11. September in Leipzig.</p>
<p>Die Ausbildung besteht aus 28 Seminartagen verteilt über 18 Monate:  3 Tages Module und monatliche Samstage.</p>
<p>Das detaillierte Ausbildungskonzept, Unterricht mit ausführlichen schriftlichen Ausarbeitungen, Videofällen, Powerpoints, interaktiven Übungen zur Anamnese, Lifeanamnesen und dem ergänzenden Ambulatorium stellt sicher, dass die Teilnehmer mit Fortschreiten der Ausbildung befähigt werden, konsequent die Herangehensweise in der Empfindungsmethode in ihrer Praxis umzusetzen.<br />
Die ersten 2 Module im Herbst 2016 führen kompakt und intensiv in die Arbeit mit der Empfindungsmethode ein, so dass die Teilnehmer ab Januar 2017 ihr Wissen im Ambulatorium anwenden und erproben können.</p>
<p>Wir starten mit einem Überblick über die grundlegenden Konzepte: Naturreiche, Ebenen der Erfahrung, Miasmen und fahren fort mit der Einführung in Tierreich, Pflanzenreich und Mineralreich.<br />
Unsere Ausbildung besteht aus 3tägigen Modulen &#8211; Freitag bis Sonntag &#8211; und einzelnen Samstagen, jeweils mit Videofällen. Die Ausbildung kann nach dem 9. Unterrichtstag (nach Modul 3), um ein zusätzliches Ambulatorium ergänzt werden, das am Freitagnachmittag vor dem jeweiligen Unterrichtssonnabend stattfindet.</p>
<p>In den folgenden Videoseminarmodulen 2017 und 2018 mit Sigrid Lindemann und den Samstagen mit Dorothee Teutsch (Bremen) bzw. Petra Friedrich (Leipzig), werden alle Naturreiche und Unterreiche intensiv betrachtet.<br />
Ihren Abschluss findet unsere Ausbildung im Sommer 2018 mit einem Kurzmodul mit 2 Tagen Unterricht und einem halben Tag des gemeinsamen Ausklangs.<br />
Umfang: 7 Seminarblöcke a 3 Tage jeweils Freitag – Sonntag sowie 10 Unterrichtstage zwischen den Blöcken jeweils Samstag und ein 2,5 tägiges Abschlussmodul.</p>
<p>Pro Monat findet ca. ein 3Tages Modul oder ein Unterrichtssonnabend statt &#8211; ausgenommen sind die Monate Dezember und Juli/August. Zusätzlich buchbar ist das Ambulatorium 10 mal Freitagnachmittag. Der Unterricht wird in Bremen stattfinden.</p>
<p>IntensivAusbildung Bremen mit Sigrid Lindemann und Dorothee Teutsch (Wilkop)</p>
<p>Infoabende<br />
Wann: 14.7.2016</p>
<p>Wo: Bremen, Stader Str. 35, 28205 Bremen</p>
<p>Einlass: um 17 Uhr 30 &#8211; Beginn 18 Uhr</p>
<p>Hier haben Sie die Gelegenheit, sich ausführlich über die Ausbildung zu informieren.</p>
<p>Eine Anmeldung ist erforderlich, damit wir uns auf den Bedarf einstellen können.</p>
<p>Kontakt:</p>
<p>Dorothee Teutsch, Stader Str. 35, 28205 Bremen</p>
<p>Tel: 0421 4348657  <a href="http://www.heilen-und-beraten.de">www.heilen-und-beraten.de,       </a> <a href="&#x6d;&#97;&#x69;&#x6c;t&#x6f;&#58;i&#x6e;&#102;o&#x40;&#104;&#x65;&#x69;l&#x65;&#110;-&#x75;&#110;d&#x2d;&#98;&#x65;&#x72;&#97;&#x74;&#x65;n&#x2e;&#100;e">&#x69;&#x6e;&#102;&#111;&#64;h&#x65;&#x69;&#x6c;&#101;n-&#x75;&#x6e;&#x64;&#45;&#98;e&#x72;&#x61;&#x74;&#101;&#110;&#46;&#x64;&#x65;</a></p>
<p>Intensivausbildung in Leipzig mit Sigrid Lindemann und Petra Friedrich</p>
<p>Infoabende</p>
<p>23.Juni 2016  17.30 GAW Pistorius str. 6 Leipzig</p>
<p>Petra Friedrich Tel 0157-70152890  <a href="http://www.naturheilpraxis-petrafriedrich.de">www.naturheilpraxis-petrafriedrich.de</a>  <a href="&#x6d;&#97;&#x69;&#x6c;&#116;&#x6f;&#x3a;&#105;&#x6e;&#x66;&#111;&#x40;&#x6e;a&#x74;&#x75;r&#x68;&#101;i&#x6c;&#112;r&#x61;&#120;i&#x73;&#45;p&#x65;&#116;r&#x61;&#102;r&#x69;&#101;d&#x72;&#105;c&#x68;&#46;d&#x65;"> &#x69;&#110;f&#x6f;&#64;&#110;&#x61;&#x74;&#117;r&#x68;&#101;i&#x6c;&#x70;&#114;a&#x78;&#105;s&#x2d;&#x70;&#101;t&#x72;&#97;f&#x72;&#x69;&#101;d&#x72;&#105;c&#x68;&#x2e;&#100;&#x65;</a></p>
